
-130
Convert -102 (base 5) to base 2.
-11011
What is 26 (base 11) in base 3?
1001
-44 (base 5) to base 11
-22
What is -14 (base 11) in base 3?
-120
-14 (base 11) to base 5
-30
What is -85 (base 15) in base 6?
-325
What is -133 (base 4) in base 9?
-34
What is -1 (base 13) in base 2?
-1
What is 0 (base 2) in base 5?
0
What is 13 (base 6) in base 14?
9
Convert -18 (base 10) to base 14.
-14
What is 38 (base 11) in base 5?
131
What is -11 (base 12) in base 7?
-16
What is -6 (base 11) in base 15?
-6
Convert 15 (base 7) to base 13.
c
Convert 3 (base 12) to base 15.
3
What is 5 (base 6) in base 10?
5
1 (base 13) to base 2
1
What is -5 (base 9) in base 13?
-5
What is 0 (base 3) in base 8?
0
Convert 3 (base 6) to base 7.
3
Convert -134 (base 6) to base 8.
-72
Convert 0 (base 11) to base 12.
0
-42 (base 7) to base 14
-22
What is a (base 16) in base 6?
14
Convert 18 (base 13) to base 14.
17
-3 (base 13) to base 15
-3
Convert 14 (base 10) to base 2.
1110
What is 4 (base 15) in base 4?
10
-22 (base 3) to base 14
-8
What is 11022 (base 3) in base 16?
74
What is 18 (base 12) in base 9?
22
23 (base 14) to base 3
1011
Convert 9 (base 12) to base 6.
13
1010111 (base 2) to base 3
10020
What is -10 (base 14) in base 16?
-e
4 (base 13) to base 5
4
-74 (base 13) to base 8
-137
What is 2c (base 13) in base 7?
53
What is -29 (base 12) in base 10?
-33
1 (base 8) to base 7
1
Convert -9b (base 12) to base 3.
-11102
What is 10121 (base 3) in base 11?
89
What is 1 (base 8) in base 6?
1
What is -1011 (base 2) in base 16?
-b
Convert 205 (base 12) to base 3.
101212
-7 (base 9) to base 5
-12
What is -89 (base 11) in base 15?
-67
Convert 4 (base 16) to base 2.
100
-d (base 16) to base 11
-12
Convert 3 (base 7) to base 9.
3
-13 (base 12) to base 10
-15
Convert -14 (base 8) to base 10.
-12
Convert 13 (base 4) to base 3.
21
What is -2 (base 5) in base 2?
-10
Convert -25 (base 11) to base 14.
-1d
29 (base 12) to base 7
45
502 (base 6) to base 5
1212
100 (base 2) to base 11
4
What is -5 (base 15) in base 13?
-5
-19 (base 10) to base 6
-31
134 (base 8) to base 12
78
What is -1021 (base 4) in base 15?
-4d
What is 132 (base 4) in base 2?
11110
What is 231 (base 5) in base 11?
60
What is -dd (base 15) in base 5?
-1313
Convert -24 (base 6) to base 12.
-14
What is 20 (base 6) in base 2?
1100
Convert -c (base 13) to base 14.
-c
What is 6 (base 15) in base 7?
6
Convert 1101011 (base 2) to base 11.
98
-2 (base 5) to base 7
-2
Convert -35 (base 9) to base 4.
-200
2243 (base 5) to base 6
1255
What is -5 (base 16) in base 2?
-101
Convert 43 (base 8) to base 15.
25
What is 403 (base 6) in base 10?
147
What is 11 (base 3) in base 6?
4
Convert 13 (base 8) to base 10.
11
What is 7 (base 13) in base 7?
10
What is -6 (base 10) in base 12?
-6
-c (base 15) to base 4
-30
Convert 8b (base 12) to base 9.
128
Convert 46 (base 13) to base 2.
111010
Convert -6 (base 9) to base 2.
-110
What is -113 (base 4) in base 11?
-21
What is -2 (base 11) in base 7?
-2
What is -343 (base 6) in base 10?
-135
What is -3 (base 13) in base 6?
-3
What is -84 (base 12) in base 11?
-91
-1 (base 11) to base 4
-1
Convert -1201 (base 5) to base 15.
-bb
What is -4a (base 11) in base 9?
-60
33 (base 9) to base 14
22
2 (base 8) to base 6
2
Convert -7 (base 15) to base 4.
-13
Convert -2 (base 11) to base 4.
-2
Convert 0 (base 3) to base 7.
0
What is -23 (base 13) in base 5?
-104
12 (base 5) to base 10
7
Convert -35 (base 11) to base 12.
-32
Convert 16 (base 8) to base 9.
15
What is 116 (base 14) in base 10?
216
What is 83 (base 12) in base 3?
10200
Convert 43 (base 14) to base 15.
3e
What is -11120 (base 3) in base 7?
-234
What is -6 (base 13) in base 16?
-6
-22 (base 12) to base 5
-101
-2 (base 14) to base 12
-2
Convert 11 (base 9) to base 5.
20
Convert 11 (base 16) to base 4.
101
-20 (base 14) to base 12
-24
What is -10100110 (base 2) in base 5?
-1131
-1 (base 7) to base 16
-1
What is -10100110 (base 2) in base 6?
-434
-51 (base 7) to base 2
-100100
Convert 20 (base 5) to base 2.
1010
What is 0 (base 16) in base 6?
0
What is -c (base 16) in base 14?
-c
Convert -1312 (base 4) to base 5.
-433
What is -3 (base 7) in base 14?
-3
What is 0 (base 12) in base 6?
0
Convert 11 (base 4) to base 7.
5
Convert -199 (base 12) to base 3.
-100200
3a (base 11) to base 12
37
-2 (base 3) to base 6
-2
Convert 0 (base 14) to base 3.
0
What is -12 (base 6) in base 3?
-22
What is -25 (base 6) in base 7?
-23
Convert -9 (base 15) to base 3.
-100
Convert 34 (base 6) to base 9.
24
What is 6 (base 7) in base 10?
6
What is 1010 (base 2) in base 13?
a
21112 (base 3) to base 13
128
1 (base 8) to base 13
1
Convert -95 (base 16) to base 14.
-a9
41 (base 6) to base 4
121
What is -10 (base 3) in base 14?
-3
160 (base 9) to base 13
a5
Convert 2 (base 3) to base 8.
2
Convert -23 (base 13) to base 3.
-1002
Convert 5 (base 15) to base 5.
10
Convert -6c (base 13) to base 11.
-82
-20 (base 5) to base 10
-10
What is 0 (base 11) in base 7?
0
-1 (base 3) to base 12
-1
Convert -2 (base 6) to base 8.
-2
-3b (base 13) to base 8
-62
Convert bb (base 16) to base 10.
187
-dc (base 16) to base 3
-22011
Convert -23 (base 11) to base 12.
-21
Convert -4 (base 5) to base 10.
-4
Convert 0 (base 13) to base 8.
0
What is 2 (base 6) in base 2?
10
Convert -2 (base 8) to base 15.
-2
-55 (base 15) to base 13
-62
What is -1 (base 6) in base 5?
-1
Convert 1111011 (base 2) to base 5.
443
What is e (base 15) in base 8?
16
-4 (base 16) to base 6
-4
What is ec (base 15) in base 7?
435
What is 1112 (base 3) in base 5?
131
Convert 4 (base 8) to base 6.
4
Convert -9a (base 12) to base 14.
-86
What is 7 (base 12) in base 2?
111
What is -4 (base 6) in base 14?
-4
What is -5 (base 14) in base 4?
-11
What is 5 (base 11) in base 12?
5
What is -23 (base 10) in base 3?
-212
-75 (base 12) to base 13
-6b
0 (base 5) to base 13
0
Convert 27 (base 15) to base 2.
100101
Convert -11 (base 2) to base 16.
-3
11 (base 4) to base 12
5
-46 (base 8) to base 15
-28
What is 66 (base 12) in base 3?
2220
-23 (base 9) to base 14
-17
8 (base 12) to base 8
10
What is -6 (base 9) in base 10?
-6
Convert -1 (base 3) to base 5.
-1
What is -6 (base 15) in base 9?
-6
Convert 3 (base 14) to base 11.
3
8c (base 13) to base 9
138
-2 (base 13) to base 16
-2
What is -25 (base 8) in base 15?
-16
What is -a2 (base 12) in base 14?
-8a
-68 (base 15) to base 4
-1202
Convert 22 (base 11) to base 15.
19
-5a (base 11) to base 6
-145
Convert -139 (base 11) to base 7.
-322
What is -d4 (base 15) in base 12?
-147
28 (base 11) to base 2
11110
Convert -92 (base 11) to base 4.
-1211
What is 3 (base 15) in base 7?
3
What is 25 (base 13) in base 6?
51
-1 (base 3) to base 2
-1
What is -1 (base 9) in base 5?
-1
Convert -2c (base 13) to base 3.
-1102
Convert 10 (base 8) to base 10.
8
What is 2 (base 13) in base 6?
2
What is 110 (base 2) in base 3?
20
Convert 23 (base 6) to base 10.
15
2 (base 3) to base 13
2
What is -1102 (base 6) in base 4?
-3332
What is -3 (base 12) in base 11?
-3
What is -11000 (base 3) in base 11?
-99
Convert 6 (base 10) to base 2.
110
Convert -210 (base 8) to base 2.
-10001000
Convert 10 (base 2) to base 8.
2
Convert 21 (base 8) to base 6.
25
What is -1 (base 8) in base 10?
-1
What is -12 (base 11) in base 10?
-13
-6 (base 11) to base 6
-10
What is -18 (base 15) in base 4?
-113
What is 1100110 (base 2) in base 6?
250
1001 (base 3) to base 6
44
Convert -232 (base 4) to base 11.
-42
-5 (base 9) to base 5
-10
Convert 9 (base 13) to base 6.
13
Convert 2b (base 15) to base 6.
105
What is 1 (base 3) in base 16?
1
-10110 (base 2) to base 13
-19
-155 (base 6) to base 8
-107
What is 144 (base 13) in base 16?
e1
Convert 12121 (base 3) to base 6.
411
Convert -10 (base 4) to base 16.
-4
What is 3 (base 4) in base 5?
3
Convert -2 (base 3) to base 2.
-10
Convert -47 (base 8) to base 4.
-213
What is -134 (base 5) in base 12?
-38
-224 (base 9) to base 16
-b8
What is 220 (base 3) in base 4?
120
What is -16 (base 9) in base 12?
-13
2 (base 11) to base 4
2
What is -33 (base 4) in base 6?
-23
Convert -a (base 12) to base 7.
-13
What is -42 (base 6) in base 12?
-22
132 (base 4) to base 12
26
What is 6 (base 11) in base 2?
110
Convert -30 (base 5) to base 7.
-21
What is -3 (base 4) in base 10?
-3
1 (base 9) to base 13
1
-1101 (base 3) to base 14
-29
Con